6).
-11
Let i(w) = -4*w - 55. Calculate i(-11).
-11
Let u(b) = 5*b - 73. What is u(13)?
-8
Let x(m) = 7*m + 58. Determine x(-15).
-47
Let p(h) = 6*h + 61. Determine p(-11).
-5
Let h(m) = -2*m + 1. Calculate h(-7).
15
Let k(o) = -2*o**2 - 3*o - 6. Calculate k(-4).
-26
Let w(r) = -r**2 - 9*r - 13. Give w(-7).
1
Let y(m) = m + 8. What is y(-8)?
0
Let x(y) = y**2 - 8*y + 9. Give x(6).
-3
Let y(f) = 2*f - 15. Give y(3).
-9
Let x(w) = -2*w**3 + w**2 - w - 1. Give x(-2).
21
Let h(l) = 2*l**3 + 13*l**2 + 29*l + 127. What is h(-6)?
-11
Let i(l) = 48*l - 1. Determine i(2).
95
Let c(r) = -r**2 + 9*r - 7. Determine c(10).
-17
Let l(m) = m**2 + 8. Determine l(4).
24
Let o(g) = 2*g**2 + 6. Give o(0).
6
Let m(w) = w**2 - 21*w + 45. Give m(18).
-9
Let u(b) = 5*b - 3. Give u(-1).
-8
Let y(u) = -u**3 - 6*u**2 - 6. Determine y(-6).
-6
Let b(n) = -n**2 + 2*n + 15. Give b(-5).
-20
Let f(a) = -a**3 - 4*a**2 - 4*a - 21. Give f(-4).
-5
Let j(b) = -11*b + 138. Determine j(12).
6
Let w(j) = -7*j + 2. What is w(-1)?
9
Let t(v) = -2*v**2 - 2*v - 7. Give t(-2).
-11
Let w(t) = -t**3 + 2*t**2 + 2*t - 5. Give w(-3).
34
Let a(u) = -u**3 + 2*u - 25. What is a(0)?
-25
Let n(g) = 89*g + 3. Give n(-1).
-86
Let m(k) = -k**2 - 13*k + 1. What is m(-12)?
13
Let y(r) = r**3 + 8*r**2 - 59*r + 79. What is y(-13)?
1
Let j(v) = v**3 + 11*v**2 - 6*v + 43. Determine j(-12).
-29
Let o(f) = -f**2 - 13*f + 9. Give o(-14).
-5
Let n(s) = -22*s - 122. What is n(-5)?
-12
Let f(x) = 2*x**2 - 4*x - 87. Determine f(7).
-17
Let p(s) = 10*s - 83. Calculate p(9).
7
Let s(p) = -p**3 + 24*p**2 - 40*p - 62. Calculate s(22).
26
Let b(y) = y - 3. Determine b(7).
4
Let d(z) = -z**3 + 9*z**2 + z - 12. Calculate d(9).
-3
Let t(y) = -y**2 + 32*y - 224. Give t(15).
31
Let s(j) = j + 1. Determine s(-6).
-5
Let u(h) = -h**3 + 17*h**2 - 17*h + 13. What is u(16)?
-3
Let l(t) = 7*t - 9. What is l(5)?
26
Let y(a) = a**3 + 5*a**2 - 26*a - 13. What is y(-8)?
3
Let b(v) = -v**2 - 7*v + 9. Calculate b(5).
-51
Let u(m) = -m + 5. Determine u(-6).
11
Let t(b) = b**3 + 28*b**2 - 27*b + 21. Calculate t(-29).
-37
Let p(w) = 38*w - 229. Give p(6).
-1
Let u(b) = b**3 + 5*b**2 - 3*b - 4. What is u(-6)?
-22
Let h(b) = b**3 - 7*b**2 - 20*b. Determine h(9).
-18
Let t(s) = 3*s**3 + 4*s**2 - 7*s + 2. Calculate t(2).
28
Let g(m) = -3*m**3 + m**2 + 5. Determine g(-2).
33
Let h(x) = -2*x**3 - 9*x**2 - 5*x - 6. What is h(-4)?
-2
Let f(w) = 7*w**2 + w - 1. Determine f(1).
7
Let p(j) = j**3 - 3*j**2 - 6*j + 10. What is p(4)?
2
Let t(l) = -l**3 - 8*l**2 - l - 2. What is t(-9)?
88
Let z(p) = -p**3 + 5*p**2 - p - 1. What is z(5)?
-6
Let q(l) = l**3 + 5*l**2 + 7. Give q(-5).
7
Let b(i) = 6*i + 21. Calculate b(-2).
9
Let m(a) = -5*a - 6. Give m(3).
-21
Let w(p) = -p**3 - 8*p**2 - 5*p + 9. Determine w(-7).
-5
Let g(i) = -i - 4. Give g(-3).
-1
Let g(q) = q**2 + 14*q + 28. Give g(-12).
4
Let f(d) = d**3 + 7*d**2 + 8*d + 4. Determine f(-5).
14
Let f(y) = 2*y**3 - y**2 - 15*y - 5. What is f(-3)?
-23
Let d(t) = 2*t**3 - 11*t**2 - 4*t + 15. Determine d(6).
27
Let w(s) = -s**3 - 9*s**2 - 10. Give w(-10).
90
Let h(d) = d**2 - 9*d - 6. Give h(6).
-24
Let i(u) = -2*u - 6. Calculate i(3).
-12
Let u(x) = x**2 + 3*x + 3. Give u(3).
21
Let z(q) = q**3 + q**2 - 3*q + 3. Determine z(2).
9
Let h(y) = -y + 2. What is h(-15)?
17
Let r(t) = 4*t**2 + 4*t + 15. Calculate r(-2).
23
Let y(b) = 8*b**3 - b - 1. Give y(-1).
-8
Let q(y) = 3*y + 13. Calculate q(-4).
1
Let o(b) = -b**2 + 40*b + 124. Determine o(43).
-5
Let a(y) = -11*y - 46. Give a(-4).
-2
Let t(l) = l**3 - 23*l**2 + l + 1. Determine t(23).
24
Let q(k) = -2*k**2 + 2*k - 7. Give q(0).
-7
Let p(h) = -23*h - 239. Calculate p(-10).
-9
Let j(y) = 2*y**2 + 19*y + 24. Determine j(-8).
0
Let s(k) = -2*k**3 - 2*k**2 + 2*k - 1. Give s(2).
-21
Let b(q) = 2*q**2 - 32*q - 32. Give b(15).
-62
Let x(c) = -8*c**2 - 7*c. Give x(-2).
-18
Let v(s) = -12*s - 73. What is v(11)?
-205
Let q(m) = -5*m - 49. Calculate q(-8).
-9
Let t(q) = 6*q**2 + 17*q - 44. What is t(2)?
14
Let w(h) = h**3 - 11*h**2 + 3*h - 8. What is w(11)?
25
Let u(g) = 3*g - 13. Determine u(-4).
-25
Let b(p) = p**3 - 10*p**2 + 8*p + 10. Determine b(9).
1
Let w(l) = 2*l**2 - 6*l - 90. Calculate w(-6).
18
Let y(p) = -3*p**3 + p - 5. Give y(-2).
17
Let w(x) = -34*x - 143. Determine w(-4).
-7
Let z(s) = s**2 - 3*s - 27. What is z(-4)?
1
Let h(z) = z**2 + 2*z. Determine h(-3).
3
Let b(h) = 44*h + 717. Determine b(-16).
13
Let w(x) = -x**3 - 35*x**2 + 113*x - 39. Calculate w(-38).
-1
Let z(t) = -4*t**2 + 2. What is z(-2)?
-14
Let j(y) = 2*y - 6. Determine j(5).
4
Let h(o) = 6*o + 246. Calculate h(-40).
6
Let k(b) = b**2 - b. What is k(1)?
0
Let q(v) = v**3 - 5*v**2 - 8*v - 3. What is q(8)?
125
Let w(x) = -4*x + 10. Determine w(6).
-14
Let r(p) = p**3 + 3*p**2 + 2*p + 25. Determine r(-4).
1
Let h(b) = -3*b**3 + 2*b - 3. What is h(-3)?
72
Let r(u) = -u**2 + 18*u + 32. Determine r(20).
-8
Let h(w) = w**2 + 13*w - 8. Give h(-10).
-38
Let v(b) = b**2 + 18*b - 3. Give v(-17).
-20
Let y(c) = 8*c**2 - 2*c. Give y(1).
6
Let c(x) = 5*x + 16. Give c(-5).
-9
Let o(k) = k + 34. Calculate o(-12).
22
Let w(q) = 104*q - 521. Determine w(5).
-1
Let k(s) = s**2 - 3*s - 3. Give k(-1).
1
Let p(j) = j**2 - j - 2. Calculate p(-2).
4
Let t(r) = -49*r + 47. What is t(1)?
-2
Let w(i) = -i**2 - 9*i + 30. Calculate w(-14).
-40
Let j(y) = -y**3 - 6*y**2 + y - 12. What is j(-6)?
-18
Let p(f) = -f**2 - 5*f + 46. What is p(-10)?
-4
Let j(m) = m**2 + 5*m - 7. Determine j(-6).
-1
Let l(u) = u - 4. What is l(-5)?
-9
Let v(k) = -3*k + 15. Calculate v(10).
-15
Let s(p) = 4*p + 23. Determine s(13).
75
Let r(l) = -l**3 - 8*l**2 - 2*l - 5. Give r(-8).
11
Let z(s) = -s**2 - 8*s + 26. What is z(-9)?
17
Let g(v) = -v**3 - 4*v**2 + 7*v + 11. Give g(-5).
1
Let r(p) = -5*p**2 - p - 7. Determine r(0).
-7
Let p(z) = -z**3 - 9*z**2 - 7*z - 5. Calculate p(-8).
-13
Let f(p) = -p**3 - 10*p**2 - 30*p - 42. Determine f(-6).
-6
Let v(q) = 20*q + 6. Give v(-2).
-34
Let w(x) = -15*x - 15. What is w(-4)?
45
Let f(j) = -j**3 - j**2 - 8*j - 31. Calculate f(-3).
11
Let c(y) = -y**3 + 6*y**2 - 4*y + 5. What is c(5)?
10
Let g(m) = -m**2 - 4. Calculate g(0).
-4
Let a(v) = -v**2 - 29. What is a(0)?
-29
Let d(p) = 8*p + 51. Give d(-6).
3
Let o(z) = z**3 + 11*z**2 + 15*z - 19. Give o(-9).
8
Let s(p) = p**3 - 3*p**2 - 3*p - 3. Give s(4).
1
Let t(s) = -s**2 + 4*s - 7. Determine t(6).
-19
Let a(g) = 5*g + 42. Determine a(-11).
-13
Let m(y) = -y**2 + 10*y - 4. Give m(4).
20
Let s(v) = 2*v + 45. Determine s(-3).
39
Let c(p) = p**2 + 7*p - 20. What is c(-9)?
-2
Let q(m) = -24*m + 5. Give q(2).
-43
Let c(h) = 2*h + 17. Give c(-13).
-9
Let f(l) = 7*l + 10. Give f(-3).
-11
Let w(c) = 28*c - 8. Determine w(-4).
-120
Let g(a) = -6*a + 34. Calculate g(6).
-2
Let w(b) = b**2 - 7*b - 75. Calculate w(13).
3
Let t(y) = y - 6. Determine t(11).
5
Let f(k) = k**3 - 3*k**2 - 5*k - 6. What is f(3)?
-21
Let x(r) = 3*r + 85. Determine x(-28).
1
Let p(q) = -q - 9. Determine p(11).
-20
Let b(p) = 3*p**2 + 65*p - 16. What is b(-22)?
6
Let n(y) = y - 7. Calculate n(-9).
-16
Let k(t) = 2*t + 58. Calculate k(-23).
12
Let a(u) = 2*u - 93. Give a(12).
-69
Let i(p) = -4*p - 8. What is i(-5)?
12
Let x(j) = 11*j + 11. Give x(1).
22
Let f(g) = g**3 + 17*g**2 + 25*g - 53. Give f(-15).
22
Let o(y) = -7*y + 30. Give o(5).
-5
Let w(r) = r - 23. Calculate w(15).
-8
Let p(i) = -i**2 + 2*i - 31. Determine p(-11).
-174
Let t(r) = -r**2 + 20*r - 91. Calculate t(10).
9
Let c(b) = -b**2 + 64*b - 489. Calculate c(9).
6
Let k(q) = q + 3. Determine k(-12).
-9
Let c(z) = -z**3 + 15*z**2 + z + 18. Give c(15).
33
Let u(c) = c**2 + 8*c - 19. Give u(-10).
1
Let d(i) = -6*i + 24. Give d(7).
-18
Let h(g) = -g**3 - 7*g**2 - 6*g + 5. Determine h(-6).
5
Let o(w) = -9*w + 85. Give o(9).
4
Let z(j) = j**2 - 21*j + 53. Determine z(16).
-27
Let o(g) = -g**2 + g - 1. Calculate o(2).
-3
Let n(h) = -h**3 + 5*h**2 + h - 16. What is n(5)?
-11
Let c(f) = -6*f + 151. Give c(25).
1
Let p(v) = v + 5. Give p(-5).
0
Let u(k) = k**2 - 37*k - 31. Determine u(38).
7
Let y(c) = c**3 + 9*c**2 + 7*c + 5. Determine y(-7).
54
Let u(a) = -a**2 + 21*a + 71. Give u(24).
-1
Let m(q) = q + 5. What is m(-5)?
0
Let w(p) = p**3 - 4*p**2 - 5*p + 6. Give w(4).
-14
Let c(n) = -61*n - 3. Give c(2).
-125
Let w(g) = -2*g**2 